 0. What is the greatest common factor of r and 529?
23
Suppose -14 = v - 3*v. Let d = -3294 - -3298. What is the highest common divisor of v and d?
1
Let b be ((-4)/5)/(5/75). Let q be 6/2 - (b/3 - -3). What is the greatest common factor of q and 1?
1
Let f(t) be the third derivative of -23*t**4/24 + 64*t**3/3 + 28*t**2 + 1. Let c be f(5). Calculate the greatest common divisor of 494 and c.
13
Let o(h) = -h**3 + 15*h**2 - 24*h - 14. Let w be o(13). Let s be 1 - 572/(-12) - w/18. What is the highest common factor of s and 18?
6
Suppose 310 = -10*l + 11*l + 4*t, -2*l - 5*t = -599. What is the highest common divisor of l and 3243?
141
Let f be (-230)/(-70) + (-4)/14. Suppose -235 + 30 = 5*q. Let v be f/3 + 2*q/(-2). What is the greatest common factor of v and 14?
14
Let x be (24/(-54))/(-4) - (-1448)/9. Calculate the highest common divisor of x and 69.
23
Suppose 8*s + 33 = 81. Suppose 104 = h + 2*y, 55*h = 56*h + 5*y - 116. Calculate the highest common factor of s and h.
6
Let g = 112 + -140. Let t be ((-240)/(-28))/((-6)/g). Let v = -16 + 21. Calculate the greatest common divisor of v and t.
5
Let o be (-6)/27 + 2254/18. Suppose 37*u - 220 - 4960 = 0. Let l = u - o. Calculate the highest common divisor of l and 15.
15
Let v(p) = -3*p + 21. Let y be v(6). Let n be (28/y)/(140/69 - 2). Suppose 269*l = 267*l + n. What is the highest common divisor of l and 23?
23
Suppose -77*l - 135 = -76*l. Let d = 73 + l. Let o = 78 + d. Calculate the greatest common factor of o and 128.
16
Let c = -42791 - -42851. Let l be (-2841)/(-21) + (-4)/14. Calculate the greatest common factor of c and l.
15
Suppose 35 - 79 = 2*f. Let l(p) = p + 25. Let b be l(f). What is the highest common factor of 15 and b?
3
Let l = 3539 + -2699. What is the greatest common factor of l and 160?
40
Suppose -3640 = -144*s - 616. Calculate the highest common factor of 4011 and s.
21
Let x be -2 + 4 - (23 - 1). Let k be 15/(-2)*x/15. Let y be 0 - -3*k/6. Calculate the greatest common factor of 10 and y.
5
Suppose 1050 = 3*c + r, 6*c + 12*r = 7*r + 2082. Let u be 8/(-10)*4*-10. What is the greatest common factor of u and c?
32
Suppose -19*f + 2940 = 5*w - 23*f, 16*f = 0. Calculate the greatest common divisor of 63 and w.
21
Let j = -35 + 78. Suppose j*g - 19*g - 1872 = 0. What is the greatest common factor of g and 12?
6
Let t = -173 - -201. Suppose -82*j + t = -80*j. Suppose -2*k = -g - 110, -4*g = -k + 56 - 8. Calculate the highest common divisor of j and k.
14
Let x(j) = 57*j**2 + 211*j + 834. Let k be x(-4). What is the highest common divisor of 308 and k?
22
Let i = 543 - 21. Suppose m + 60 = 4*m + 3*q, -5*q = -5*m + 80. Calculate the greatest common factor of i and m.
18
Suppose -63 = -2*b - 4*f + 21, 2*f + 210 = 5*b. Calculate the highest common factor of b and 4011.
21
Let m be (-35)/(-2) - (-1)/2. Let b(z) = -z**3 - 8*z**2 - 3. Let y be b(-8). Let d be 326/(-6)*y - 1. What is the highest common factor of d and m?
18
Let g be 14*10*42/490 - (6 + 1). Calculate the greatest common factor of 18225 and g.
5
Let l = -106 + 114. Suppose -40 = l*g - 9*g. What is the highest common factor of 2 and g?
2
Let j be 8/(9 - 52/6 - 0). What is the highest common divisor of j and 906?
6
Suppose -6138 = -63*b + 22590. Calculate the greatest common divisor of b and 480.
24
Let r(a) = 59*a**2 - 52*a - 97. Let f be r(-2). Calculate the highest common factor of f and 63.
9
Let o be 6/144*138 - (-3)/(-4). Suppose 11*r = 6*r + o, 2*h - 2*r - 178 = 0. What is the highest common factor of h and 20?
10
Suppose -2*p + 637 = 39. Suppose -2*b + p = 15. Suppose 10*l - b = -12. Calculate the greatest common factor of 13 and l.
13
Suppose r - 3*m + 5 = 6*r, 5*m - 19 = -3*r. Let u be 5/r*(-5 + 2/(-10)). Suppose u*h = 7*h + 48. Calculate the greatest common factor of h and 64.
8
Let f = 132 + 480. Let p = 56705 - 56669. Calculate the highest common factor of f and p.
36
Suppose -5*w = -24 - 21. Suppose -w*t + 8 = -5*t. Let j(l) = 17*l**3 - 3*l**2 + 2*l - 2. Let s be j(t). What is the highest common divisor of s and 14?
14
Suppose 5*w + 2*i + 2394 = 7*w, -4*w + 3*i = -4792. Let b = w - 826. What is the greatest common factor of 25 and b?
25
Suppose -784 = -7*s + 2632. Suppose 3*u + 161 - s = 0. Suppose -14*k = u - 515. What is the highest common divisor of k and 29?
29
Let o be 1580/1264*4944/20. Suppose -5*h + 670 = 155. Calculate the highest common factor of o and h.
103
Let d = -8989 - -9649. Calculate the highest common divisor of d and 120.
60
Let d(p) = -571*p**3 + 1 + 572*p**3 - 5*p**2 + 3 + 6*p. Let s be d(3). Calculate the highest common divisor of s and 32.
4
Suppose 18*l - 132 = 7*l. Let b be -201*((-16)/l)/4. Calculate the greatest common divisor of b and 67.
67
Suppose 43*n - 17836 = -6*n. What is the highest common factor of n and 14?
14
Suppose 0 = 317*a - 315*a - 200. Suppose 0 = -2*r + 13 + 9. Suppose r*b = 6*b + a. What is the highest common divisor of b and 10?
10
Let v = 275 - 261. Suppose -v = -20*z + 6. Let w = 3 + -2. Calculate the highest common factor of w and z.
1
Let v be 24/(-7)*((-505)/20 - (-9)/12). Suppose -u - 5 = 0, 4*m - 3*u - 81 = -6*u. What is the highest common factor of v and m?
12
Suppose 3*g + 7*p = 6*p + 28, -5*g = p - 46. Suppose -29 = r + 5*w - 8, g = r - w. Calculate the greatest common divisor of 9 and r.
1
Let q(d) = 2*d - 2. Let i be q(5). Let l = 135061 - 134877. What is the greatest common divisor of i and l?
8
Suppose -5*q = 20, -4*m - m + 5*q = -45. Suppose -m*j = -3*j + 4. Let n(v) = 5*v**2 + 3*v. Let f be n(j). Calculate the highest common divisor of 28 and f.
14
Let c be (-1)/(19/(-38)) - -97. Calculate the highest common divisor of 363 and c.
33
Suppose -5*h + 796 - 791 = 0, 5*w - 9720 = 5*h. Calculate the highest common factor of w and 5.
5
Let r = 512 + -473. Suppose 0 = r*x - 49*x + 10. What is the greatest common factor of 13 and x?
1
Suppose -8*t - 3*n + 58 = 0, -4*t + 3*n = -6*t + 28. Calculate the greatest common divisor of 115 and t.
5
Suppose -100 = -2*n - 3*h, 12*n + 2*h = 10*n + 96. Calculate the highest common factor of 20 and n.
4
Let q(f) = -2*f - 18 - 4 + 59. Let y be q(18). Calculate the highest common divisor of y and 16.
1
Let z be (-319)/((10 - 3)/7). Let t = 347 + z. What is the greatest common factor of 252 and t?
28
Suppose -29 = 4*k - 37. Suppose -6*s + 11*s - 995 = 4*g, -4*s + 770 = k*g. Suppose 4*z + s = 9*z. What is the highest common factor of 26 and z?
13
Let z = 4670 + -4598. What is the greatest common factor of z and 639?
9
Suppose 158 = -i + 3*i. Let v be (39/13 - -716) + -8. What is the greatest common divisor of v and i?
79
Let g(a) = -a - 15. Let p be g(-14). Suppose 4*w + 5*f = -29, w - 3*w = -4*f + 8. Let u be (-22 - p)/(2/w). What is the highest common factor of u and 18?
9
Let m(t) = 4*t**2 + 17*t - 45. Let v be m(-9). Let c be v/(21 + -12)*(13 - 2). Calculate the greatest common factor of c and 22.
22
Let p(t) = -419*t - 3. Suppose 0 = 5*v - o + 2*o + 2, 15 = -3*v + 4*o. Let i be p(v). What is the greatest common factor of 52 and i?
52
Let j = -118 - -144. Suppose 4 = -i + 2*i, 4*i = -5*d + j. Let l(m) = m**3 + m**2 - m - 4. Let w be l(d). Calculate the greatest common divisor of 54 and w.
6
Suppose -3*m + 5*q + 5670 = 0, -m - 11*q = -7*q - 1890. What is the greatest common divisor of 1485 and m?
135
Let u(o) = o + 17. Let f = 0 + 3. Suppose 3*b = j + 3, -f*b + 25 = -3*j + 2*b. Let h be u(j). What is the highest common divisor of h and 7?
1
Let p be (-5)/(90/(-1264)) - (-4)/(-18). Let t be (-7 + 8)/(1/p). Suppose 0 = 129*d - 123*d - 60. Calculate the highest common factor of d and t.
10
Suppose -21*f = -190 - 346 - 220. Calculate the greatest common divisor of 144 and f.
36
Let q(p) = p**2 + 23*p + 63. Let a be q(-26). Calculate the greatest common divisor of 24 and a.
3
Suppose -4*w + 19 = -25. Suppose b = w - 67. Let l be 2/4 + b/(-16). What is the greatest common divisor of 6 and l?
2
Let x(i) = 1070*i + 4317. Let u be x(-4). Calculate the highest common factor of 32042 and u.
37
Suppose 0 = j + m + 4, -3*j - m + 25 = 29. Let z be 1 - ((-28)/(-14) + (-9 - j)). What is the greatest common factor of z and 256?
8
Let r = 48 + 7. Suppose 85 - r = 5*m. Suppose -7*y + m*y + 121 = 0. What is the greatest common factor o